91
What are the prime factors of 19685096?
2, 2460637
What are the prime factors of 892898?
2, 41, 10889
List the prime factors of 48775.
5, 1951
List the prime factors of 599714.
2, 299857
What are the prime factors of 821777?
11, 74707
What are the prime factors of 3369073?
3369073
List the prime factors of 9934126.
2, 353, 14071
What are the prime factors of 835867?
19, 29, 37, 41
What are the prime factors of 2751315?
3, 5, 7, 26203
What are the prime factors of 204281?
7, 11, 379
List the prime factors of 7774005.
3, 5, 277, 1871
List the prime factors of 505438.
2, 19, 47, 283
What are the prime factors of 2156852?
2, 523, 1031
List the prime factors of 601942.
2, 11, 27361
List the prime factors of 8401389.
3, 1033, 2711
What are the prime factors of 5043561?
3, 1681187
List the prime factors of 5201265.
3, 5, 346751
What are the prime factors of 248473?
248473
What are the prime factors of 2001927?
3, 667309
What are the prime factors of 2196021?
3, 829, 883
List the prime factors of 4977862.
2, 181, 13751
What are the prime factors of 8738439?
3, 97, 30029
List the prime factors of 373934.
2, 11, 23, 739
List the prime factors of 2049992.
2, 7, 36607
What are the prime factors of 18847240?
2, 5, 19, 24799
What are the prime factors of 19736409?
3, 7, 11, 85439
List the prime factors of 13976322.
2, 3, 2329387
What are the prime factors of 31918?
2, 15959
What are the prime factors of 28604120?
2, 5, 19, 61, 617
List the prime factors of 4104160.
2, 5, 113, 227
What are the prime factors of 44195?
5, 8839
List the prime factors of 3179203.
109, 29167
What are the prime factors of 331057?
43, 7699
What are the prime factors of 21990683?
11, 13, 61, 2521
What are the prime factors of 163105?
5, 32621
What are the prime factors of 21817787?
59, 369793
List the prime factors of 1502233.
1502233
What are the prime factors of 222465?
3, 5, 14831
What are the prime factors of 11376811?
43, 264577
List the prime factors of 682908.
2, 3, 56909
What are the prime factors of 956857?
11, 37, 2351
List the prime factors of 680092.
2, 7, 107, 227
List the prime factors of 8921469.
3, 19, 281, 557
List the prime factors of 700834.
2, 19, 18443
List the prime factors of 19036913.
7, 2719559
List the prime factors of 29078.
2, 7, 31, 67
What are the prime factors of 1292605?
5, 258521
List the prime factors of 8266081.
8266081
List the prime factors of 283485.
3, 5, 18899
List the prime factors of 80018.
2, 40009
List the prime factors of 19264037.
13, 1481849
What are the prime factors of 4030382?
2, 23, 41, 2137
List the prime factors of 222451.
47, 4733
List the prime factors of 2276804.
2, 569201
What are the prime factors of 3041224?
2, 31, 12263
List the prime factors of 766978.
2, 383489
What are the prime factors of 352649?
11, 32059
What are the prime factors of 13308908?
2, 3327227
What are the prime factors of 2480213?
41, 60493
What are the prime factors of 10678297?
7, 1525471
List the prime factors of 14232567.
3, 53, 89513
List the prime factors of 11879558.
2, 5939779
List the prime factors of 4446106.
2, 7, 29, 47, 233
List the prime factors of 60590.
2, 5, 73, 83
List the prime factors of 134992.
2, 11, 13, 59
List the prime factors of 61087.
13, 37, 127
What are the prime factors of 1908210?
2, 3, 5, 63607
List the prime factors of 176780.
2, 5, 8839
What are the prime factors of 1656408?
2, 3, 13, 5309
List the prime factors of 238018.
2, 11, 31, 349
List the prime factors of 8167490.
2, 5, 241, 3389
What are the prime factors of 12038213?
11, 941, 1163
List the prime factors of 9003657.
3, 13, 230863
What are the prime factors of 1304746?
2, 652373
List the prime factors of 2895776.
2, 13, 6961
List the prime factors of 179860.
2, 5, 17, 23
List the prime factors of 360285.
3, 5, 24019
What are the prime factors of 2911146?
2, 3, 7, 69313
What are the prime factors of 6808225?
5, 272329
What are the prime factors of 5508906?
2, 3, 13, 70627
What are the prime factors of 1330714?
2, 7, 11, 8641
List the prime factors of 1305948.
2, 3, 7, 2221
What are the prime factors of 41791?
23, 79
What are the prime factors of 11666728?
2, 127, 11483
What are the prime factors of 582441?
3, 149, 1303
List the prime factors of 300903.
3, 19, 5279
List the prime factors of 323504.
2, 20219
What are the prime factors of 6012871?
191, 31481
List the prime factors of 333862.
2, 166931
What are the prime factors of 76414?
2, 13, 2939
List the prime factors of 540775.
5, 97, 223
List the prime factors of 2628602.
2, 1314301
List the prime factors of 1200092.
2, 300023
List the prime factors of 3312060.
2, 3, 5, 55201
What are the prime factors of 7125453?
3, 179, 4423
What are the prime factors of 8076310?
2, 5, 11, 73421
List the prime factors of 375563.
375563
What are the prime factors of 8424814?
2, 101, 179, 233
List the prime factors of 2880787.
7, 13, 31657
What are the prime factors of 50224?
2, 43, 73
List the prime factors of 4742878.
2, 7, 338777
List the prime factors of 5422695.
3, 5, 19, 53, 359
What are the prime factors of 1080375?
3, 5, 43, 67
What are the prime factors of 10730919?
3, 167, 21419
List the prime factors of 2451462.
2, 3, 13, 53, 593
List the prime factors of 32575277.
7, 47, 99013
List the prime factors of 73274.
2, 36637
List the prime factors of 140254.
2, 23, 3049
What are the prime factors of 526445?
5, 211, 499
List the prime factors of 215415.
3, 5, 4787
List the prime factors of 378458.
2, 189229
List the prime factors of 1889029.
1889029
List the prime factors of 645566.
2, 322783
List the prime factors of 193543.
7, 43, 643
What are the prime factors of 132325?
5, 67, 79
What are the prime factors of 463587?
3, 41, 3769
What are the prime factors of 2623921?
67, 39163
What are the prime factors of 1086924?
2, 3, 53, 1709
What are the prime factors of 7453545?
3, 5, 11, 199, 227
What are the prime factors of 1430075?
5, 57203
What are the prime factors of 198528?
2, 3, 11, 47
List the prime factors of 146270.
2, 5, 14627
What are the prime factors of 363035?
5, 17, 4271
List the prime factors of 1374471.
3, 7, 21817
List the prime factors of 1499652.
2, 3, 7, 11, 541
What are the prime factors of 741923?
7, 13, 31, 263
What are the prime factors of 219955?
5, 43991
List the prime factors of 3189592.
2, 7, 56957
List the prime factors of 22114156.
2, 593, 9323
List the prime factors of 1239081.
3, 413027
What are the prime factors of 1428738?
2, 3, 227, 1049
What are the prime factors of 3284691?
3, 1094897
List the prime factors of 10538387.
47, 224221
What are the prime factors of 39504?
2, 3, 823
List the prime factors of 245789.
245789
List the prime factors of 380923.
113, 3371
List the prime factors of 166568.
2, 47, 443
What are the prime factors of 205601?
11, 18691
List the prime factors of 1044380.
2, 5, 79, 661
What are the prime factors of 37485?
3, 5, 7, 17
What are the prime factors of 4449886?
2, 7, 17, 2671
What are the prime factors of 143041?
313, 457
What are the prime factors of 234048?
2, 3, 23, 53
List the prime factors of 282454.
2, 19, 7433
What are the prime factors of 428502?
2, 3, 17, 4201
List the prime factors of 1677261.
3, 523, 1069
List the prime factors of 31581644.
2, 41, 192571
List the prime factors of 2693.
2693
List the prime factors of 1407266.
2, 7, 100519
List the prime factors of 286301.
286301
List the prime factors of 4192822.
2, 2096411
What are the prime factors of 1427150?
2, 5, 17, 23, 73
What are the prime factors of 21368198?
2, 19, 283, 1987
What are the prime factors of 453653?
131, 3463
What are the prime factors of 144973?
144973
List the prime factors of 294727.
29, 10163
List the prime factors of 7001208.
2, 3, 32413
What are the prime factors of 103495?
5, 7, 2957
What are the prime factors of 833662?
2, 523, 797
What are the prime factors of 17254203?
3, 53, 108517
What are the prime factors of 18235528?
2, 1217, 1873
What are the prime factors of 594723?
3, 198241
List the prime factors of 1140158.
2, 570079
What are the prime factors of 1014352?
2, 63397
List the prime factors of 3282753.
3, 109, 10039
List the prime factors of 25804954.
2, 7, 29, 63559
What are the prime factors of 418779?
3, 19, 31, 79
List the prime factors of 25852.
2, 23, 281
